 the units digit of v(-17)?
6
Suppose 713575 - 96061 = 101*b. What is the tens digit of b?
1
Let p be 37446/10 + 4/10. Suppose 0 = -0*b - 7*b + p. Suppose -4*g = 5*w - 560, 5*w - b = -g + 2*g. What is the units digit of w?
8
Let n(j) = j**3 + 2*j**2 - 2*j - 1. Let i be n(-4). Let t = i - -116. What is the tens digit of t?
9
Suppose -163 - 98 = 5*l + a, 3*a + 200 = -4*l. Let f = l - 2. What is the tens digit of (5 + f/3)*-6?
8
Let h(u) = 33*u**2 - 2*u + 5. Let t be 4 + 20/(-2)*(-24)/(-40). What is the hundreds digit of h(t)?
1
Let f be (-15)/(2 - 5) - (-138 - -1). Let w = f - -55. What is the hundreds digit of w?
1
Suppose 71916 = 9*s - 332696 - 64072. What is the ten thousands digit of s?
5
Let r be (0/(0 - -2))/(46/(-46)). Suppose 0 = -3*u - 0*u - 2*g + 1968, 4*u - 3*g - 2641 = r. What is the tens digit of u?
5
Let d = 8 - 6. Suppose -2*z + 8 = -d*o, -12 = 3*o + 3. What is the units digit of (1*-333)/(-3) + z + 1?
1
Suppose -4*v - 2*g + 92586 = 0, -3*v + 118*g + 69415 = 123*g. What is the tens digit of v?
5
Let r = 709 + -452. Suppose r*l + 68 = 258*l. What is the tens digit of l?
6
Let w = -1355 + 2903. Suppose -3*h - 6*h + w = 0. What is the units digit of h?
2
Suppose -133*f + 47981 = -53599 + 22445. What is the tens digit of f?
9
Let n = -10847 - -18320. What is the units digit of n?
3
Suppose -114 = -4*n - 2*p, -n - 79 = -4*n + 5*p. Let m = n - 26. Suppose -o = 3*s - 81, -3*s - 5*o = m*s - 145. What is the units digit of s?
6
Suppose l - 3*g = 34412, 0 = -2*l - 2*g + 10604 + 58236. What is the units digit of l?
8
Let o(x) = x**3 - 6*x**2 - 12*x - 5. Suppose -13 = -3*b - 1. Let u(k) = k**2 + 3*k - 19. Let q be u(b). What is the units digit of o(q)?
0
Let v(p) = -3*p**3 + 2*p**2 - 18*p + 5. Let k be v(3). Suppose -z - 442 + 1118 = 0. What is the tens digit of 32/k - z/(-14)?
4
What is the units digit of (-6)/39 + (-10762470)/(-702)?
1
Let w(m) = m**3 - 13*m**2 + 5*m + 15. Suppose -2*s = -4, -3*r + 4*s + 62 = 2*r. What is the hundreds digit of w(r)?
2
What is the tens digit of (-800768)/(-207) - (-12)/(-27)?
6
Let j(m) = 309*m - 649. What is the hundreds digit of j(16)?
2
Let u(n) = n**3 + 12*n**2 + n + 15. Let x be u(-12). Suppose 0 = 2*v + x*g + 19, -3*g - 5 = 4. What is the units digit of v/(10/(-48)) + 4?
8
Let k(d) = d**2 - 6*d - 207. Let o be k(19). Suppose -o*s = -17*s - 19918. What is the tens digit of s?
6
Suppose -2*g + 70 = -4*r, -4 = -3*r + g - 56. What is the tens digit of (-246)/8*(r + 3/3)?
9
Let m(h) = -65*h + 9736. What is the thousands digit of m(0)?
9
Suppose -b + p + 98 + 45 = 0, p = -4*b + 567. Let n be (((-330)/8)/(-15))/((-2)/(-472)). Suppose -3*w = -n + b. What is the tens digit of w?
6
Let a(x) = 81*x**3 + x**2 - 298*x + 1815. What is the units digit of a(6)?
9
Let d = 216 - 112. Let v = d + -98. Let l(a) = 25*a - 26. What is the tens digit of l(v)?
2
Let y(m) = 5835*m + 584. What is the ten thousands digit of y(2)?
1
Let o be 5 + 1 + (3 + 1 - 4)*-1. Let u(v) be the third derivative of v**6/120 - v**5/20 - v**4/3 - 7*v**3/6 - v**2. What is the tens digit of u(o)?
5
Let t be 0 - 4*(-2 + 1). Let f(p) = p**2 - 13*p + 38. Let h be f(4). Suppose h*a = -6, -t*y + 371 = -3*a - 194. What is the hundreds digit of y?
1
Suppose -24*q + 2555 = -24037. What is the thousands digit of q?
1
Suppose -5*q = -10*q + 4*x + 210, -2*x = 3*q - 104. Let f = -38 + q. Suppose f = -5*k + 399 - 39. What is the units digit of k?
2
Suppose 78*t - 582667 = 14111. What is the thousands digit of t?
7
Let y(m) = -m**3 - 3*m**2 - 20*m - 21. Let x be y(10). Let u = x - -2652. What is the tens digit of u?
3
Let o be (-4 - -2)*(-1 + -1). Suppose 0 = 5*q - 25, -5*q + q - 100 = -i. Let s = i + o. What is the tens digit of s?
2
Let y be ((-1)/(-2))/(1/(-62)). Let u(x) = 0*x + 26 - 2*x + 2*x - x. What is the tens digit of u(y)?
5
Let k(q) = q**3 + 4*q**2 - 6*q - 5. Let w be k(-5). Suppose 4*g - 11*g + 1015 = w. Let y = 148 - g. What is the units digit of y?
3
Let m(j) = j**3 - j**2 + 4*j - 8. Let k(v) = v**3 + 5*v - 9. Let c(h) = 4*k(h) - 5*m(h). Suppose -72 = -9*z - 9*z. What is the units digit of c(z)?
0
Let t be 10/(-3)*(-3)/(-2). Let o be t/(-5)*106 + 0/(-1). Let d = 19 + o. What is the units digit of d?
5
Let q(t) = -t**2 - 9*t - 29. Let p be q(-6). Let z(i) = 2*i + 30. Let f be z(p). What is the tens digit of (-13)/(-52) - (-1)/(f/446)?
5
Let h be -12 - (-6 - (0 + -2)). Let g be 2/(-14)*h*14/4. Suppose g*y - u = 95, -3*y + 0*u - 3*u = -75. What is the tens digit of y?
2
Suppose 632*g - 631*g - 63536 = -4*d, 4*g + 111234 = 7*d. What is the tens digit of d?
8
Suppose -2*v + 203 = 195, -3*p - 2*v + 34334 = 0. What is the thousands digit of p?
1
What is the ten thousands digit of (5 + -17 - -17) + (2/1 - -37854)?
3
Suppose 21416 - 35764 = 29*h - 118777. What is the tens digit of h?
0
Suppose 4*y + 11*p - 13*p - 202 = 0, 2*y = -5*p + 107. Let m(z) = 7*z + 4. Let r be m(4). Let f = y - r. What is the tens digit of f?
1
Let r(y) be the third derivative of -11/2*y**3 + 25/24*y**4 - 1/60*y**5 + 0*y + 0 - y**2. What is the hundreds digit of r(14)?
1
Let m(p) = 2*p - 1. Let a be m(-1). Let d(i) = -10*i**3 - i**2 - 3*i - 2. Let z be d(-1). What is the units digit of z/((24/(-52))/a)?
5
Let m = -5383 - -16280. What is the ten thousands digit of m?
1
Suppose -19*t - 429 = 1528. What is the tens digit of ((-832)/(-52))/((-2)/t)?
2
Suppose 0 = 4*x + 4, 0 = 13*i - 9*i + 5*x - 19. Suppose -7*n + i*n + 515 = 0. What is the hundreds digit of n?
5
Suppose 8*q - 13*q - 13 = -4*w, 2*q = -5*w - 25. What is the units digit of (2/(-4))/(q/830)?
3
Let v(i) = 171*i - 555. What is the tens digit of v(42)?
2
Suppose 20757 - 3591 = 6*a. What is the units digit of a?
1
What is the tens digit of 2872 + (-21 - -5) - -8?
6
Let p = 104659 - 69169. What is the tens digit of p?
9
Suppose 133475 = -5593*k + 5612*k. What is the hundreds digit of k?
0
Let f = -1212 - -1923. Suppose -4*p + w = -f, -5*p - 5*w + 246 = -674. What is the hundreds digit of p?
1
Suppose -698*p + 714*p - 4720 = 0. Let z = -196 - -44. Let y = p + z. What is the units digit of y?
3
Let z(b) = 1786*b**2 - 134*b + 555. What is the tens digit of z(4)?
9
Suppose o - 9*f + 6 = -13*f, f - 2 = -2*o. Suppose o*m - 4*u = 4*m - 1354, 4*m = 4*u + 2672. What is the units digit of m?
1
Let w = 9 - -47. Let u = 50 - w. Let a(d) = 3*d**2 + 7*d - 2. What is the tens digit of a(u)?
6
Suppose 8*d - 5*o + 338631 = 1026188, 3*o + 171877 = 2*d. What is the tens digit of d?
4
Let j(s) = 2621*s**2 - 60*s - 1. What is the units digit of j(-1)?
0
What is the tens digit of ((-1)/(5 + -8))/(11/1481997)?
0
Let i be (1*(-69)/6)/((-2)/148). Suppose 2*q - 5*g = 6*q + 17, -9 = -2*q + g. Suppose -4*y + 5*p + i = 262, -5*y = -q*p - 715. What is the hundreds digit of y?
1
Let a(l) = 8*l + 25. Let u(z) = 19*z + 10. Let c be u(0). What is the hundreds digit of a(c)?
1
What is the thousands digit of -1 + 4730 - ((-54)/(-6) + -1)?
4
Let y(d) = 42*d**3 + 4*d**2 - 26*d + 410. What is the units digit of y(9)?
8
Suppose -4*i - x = -1 - 14, 0 = -i - 2*x - 5. Suppose -9*t + b - 55 = -12*t, -5*t - i*b = -85. What is the units digit of t?
9
Let p(v) = -v. Let j be p(-20). Suppose -21*n + 507 = -j*n. Suppose 2*h + 45 = n. What is the hundreds digit of h?
2
Suppose 5*p + 22 - 1 = -4*o, -3*p = 4*o + 19. Let v be ((-56)/12 - o)*-6. Suppose v*c - 327 - 169 = 0. What is the units digit of c?
4
Let m = 626 - -942. What is the units digit of m?
8
Let g(o) = 141*o + 5341. What is the hundreds digit of g(40)?
9
Suppose 0 = -2*f - 2*c - 239 + 5661, -3*c + 2719 = f. Let w = f - 1150. What is the thousands digit of w?
1
Suppose 3108 = 10*b - 282. Let k = b - 273. What is the units digit of k?
6
Let p be 5*(-4)/(-60) + (-23)/(-3). Suppose p = 4*i + o - 2, -3*i + 4*o = 2. What is the tens digit of 74*(5/i + 1)?
5
Let u(n) = -55*n - 279. Let s be u(-6). Suppose s*m - 80*m + 39382 = 0. What is the hundreds digit of m?
3
Let v(z) = -z**3 - 14*z**2 - 14*z - 19. Let s(m) = 8*m - 6. Let h be ((0 - 3) + (4 - 0))/(-1). Let x be s(h). What is the tens digit of v(x)?
7
Suppose -186825 + 580655 = 102*c - 346180. What is the units digit of c?
5
Suppose -4*f = 13*f. What is the tens digit of ((-24)/14 + f)*(-5075)/10?
7
Let r = -4307 + 7597. Suppose -12*o = -2*o - r. Let l = o + -222. W